{"id":7882,"date":"2020-08-07T16:44:50","date_gmt":"2020-08-07T19:44:50","guid":{"rendered":"https:\/\/nascernobrasil.ensp.fiocruz.br\/?page_id=7882"},"modified":"2023-11-28T16:02:49","modified_gmt":"2023-11-28T19:02:49","slug":"trabalho-de-campo","status":"publish","type":"page","link":"https:\/\/nascernobrasil.ensp.fiocruz.br\/?page_id=7882","title":{"rendered":"\u00c1rea de trabalho"},"content":{"rendered":"<div class=\"pmpro\">\n<div class=\"pmpro_card pmpro_content_message\">\n<div class=\"pmpro_card_content\">Este conte\u00fado \u00e9 apenas para associados Coordena\u00e7\u00e3o central 1. <br \/><a href=\"https:\/\/nascernobrasil.ensp.fiocruz.br\/?page_id=7879\">Cadastre-se<\/a><\/div>\n<div class=\"pmpro_card_actions pmpro_font-medium\">J\u00e1 se associou? <a href=\"https:\/\/nascernobrasil.ensp.fiocruz.br\/wp-login.php?redirect_to=https%3A%2F%2Fnascernobrasil.ensp.fiocruz.br%2F%3Fpage_id%3D7882\">Acesse aqui<\/a><\/div>\n<\/div>\n<\/div>\n","protected":false},"excerpt":{"rendered":"<div class=\"pmpro\"><div class=\"pmpro_card pmpro_content_message\"><div class=\"pmpro_card_content\">Este conte\u00fado \u00e9 apenas para associados Coordena\u00e7\u00e3o central 1. <br \/><a href=\"https:\/\/nascernobrasil.ensp.fiocruz.br\/?page_id=7879\">Cadastre-se<\/a><\/div><div class=\"pmpro_card_actions pmpro_font-medium\">J\u00e1 se associou? <a href=\"https:\/\/nascernobrasil.ensp.fiocruz.br\/wp-login.php?redirect_to=https%3A%2F%2Fnascernobrasil.ensp.fiocruz.br%2F%3Fpage_id%3D7882\">Acesse aqui<\/a><\/div><\/div><\/div>","protected":false},"author":2,"featured_media":0,"parent":0,"menu_order":0,"comment_status":"closed","ping_status":"closed","template":"","meta":{"pmpro_default_level":"","footnotes":""},"class_list":["post-7882","page","type-page","status-publish","hentry","pmpro-level-required","pmpro-level-1","pmpro-level-2","pmpro-level-3","pmpro-level-4","pmpro-level-5","pmpro-level-6","pmpro-no-access"],"_links":{"self":[{"href":"https:\/\/nascernobrasil.ensp.fiocruz.br\/index.php?rest_route=\/wp\/v2\/pages\/7882","targetHints":{"allow":["GET"]}}],"collection":[{"href":"https:\/\/nascernobrasil.ensp.fiocruz.br\/index.php?rest_route=\/wp\/v2\/pages"}],"about":[{"href":"https:\/\/nascernobrasil.ensp.fiocruz.br\/index.php?rest_route=\/wp\/v2\/types\/page"}],"author":[{"embeddable":true,"href":"https:\/\/nascernobrasil.ensp.fiocruz.br\/index.php?rest_route=\/wp\/v2\/users\/2"}],"replies":[{"embeddable":true,"href":"https:\/\/nascernobrasil.ensp.fiocruz.br\/index.php?rest_route=%2Fwp%2Fv2%2Fcomments&post=7882"}],"version-history":[{"count":234,"href":"https:\/\/nascernobrasil.ensp.fiocruz.br\/index.php?rest_route=\/wp\/v2\/pages\/7882\/revisions"}],"predecessor-version":[{"id":12870,"href":"https:\/\/nascernobrasil.ensp.fiocruz.br\/index.php?rest_route=\/wp\/v2\/pages\/7882\/revisions\/12870"}],"wp:attachment":[{"href":"https:\/\/nascernobrasil.ensp.fiocruz.br\/index.php?rest_route=%2Fwp%2Fv2%2Fmedia&parent=7882"}],"curies":[{"name":"wp","href":"https:\/\/api.w.org\/{rel}","templated":true}]}}